 - 1. Let x be 2/8 - 350/56. Let s(b) = -b**3 + 4*b**2 - 3*b + 5. Let u(a) = x*f(a) - s(a). Determine u(-2).
-5
Let o = 64 + -20. Suppose 3*j + j + o = 0. Let c(p) = -12*p + 3. Let g(h) = -4*h + 1. Let m(i) = j*g(i) + 4*c(i). Calculate m(-1).
5
Suppose 0 + 5 = x. Let y(q) be the first derivative of -q**4/4 + 4*q**3/3 + 3*q**2/2 + 5*q - 47. Determine y(x).
-5
Let w(g) = -6*g**3 + 1. Suppose -33*y = -35*y - 2. Give w(y).
7
Let i(d) = -7*d - 5. Let n(t) = -20*t - 12. Let j(b) = -17*i(b) + 6*n(b). Calculate j(13).
0
Let k(d) = -d**3 - 2*d**2 - 3. Let h(y) = 4*y**3 + 6*y**2 - y + 10. Let u(t) = -2*h(t) - 7*k(t). Give u(-2).
13
Let g(h) = 11*h**2 + 16*h + 13. Let y(t) = 5 - 1 + 5 + 7*t**2 + 11*t. Let u(p) = -5*g(p) + 8*y(p). Let m be 1 - 1 - (-2 - -7). Calculate u(m).
-8
Let q(b) = b**2 - 4*b + 4. Suppose -11*f - 32 = -15*f. Let a(w) = 3*w - 21. Let x be a(f). Suppose 6 + x = 3*r. Calculate q(r).
1
Let t be -5 - -2*(-5)/2*1. Let j(x) = -x**2 - 18*x - 74. Give j(t).
6
Let u be (4/(-1))/(3/((-12)/8)). Let z(p) = 16*p**3 - 20*p**2 + 21*p + 20. Let h(k) = -3*k**3 + 4*k**2 - 4*k - 4. Let i(q) = u*z(q) + 11*h(q). Determine i(3).
-1
Let o(n) = n**2 - 6. Let q(l) = -l**3 + 4*l**2 - 1. Let y be q(3). Let a = y + -8. Calculate o(a).
-6
Let b be (-2)/(-4)*12/(-2). Suppose 2*i + 3*i = -3*x + 329, 5*x + 3*i - 543 = 0. Let l(a) = 111 + x - 220 - 2*a. Calculate l(b).
5
Let d = -5 + 6. Let z(h) = -h**3 - 5*h**3 + 2*h**2 + h + 105 - 106 - 3*h**2. Let k be z(d). Let l(i) = 2*i + 8. Give l(k).
-6
Let x(f) = -f**2 + 8*f - 7. Let u be x(4). Let n(w) = -7*w**2 + u*w**3 + 7*w**2 - w**2. Determine n(-1).
-10
Let o(i) = -i**3 - 5*i**2 + 5*i - 1. Let r = 26 + -17. Let p = r - 8. Let m be -2 - p - 6/2. What is o(m)?
5
Let r(i) = -5*i**2 + 7*i + 52*i**3 - 20*i**3 + 6 - 14*i**3 - 19*i**3. Let f = -2 - 4. What is r(f)?
0
Let k be 254/50 - (-9 + (-227)/(-25)). Let h(j) = -4*j + 6. What is h(k)?
-14
Let x = 0 + 7. Let a(s) = -2*s**2 + 13*s + 7. Let f be a(x). Let n be (-3 - (-2)/1)*f. Let k(w) = w**2 + w + 1. What is k(n)?
1
Suppose 8*b = 20 + 52. Suppose -28*z + 25*z = b. Let l(x) = x**3 + 2*x**2 - 2*x + 3. Calculate l(z).
0
Let c(d) = -2*d**2 - 19 - 17*d - 7*d**2 + 13*d + 9*d. Let k(h) = -4*h**2 + 3*h - 9. Let s(j) = -3*c(j) + 7*k(j). Determine s(5).
-1
Suppose 5*g + 5*x + 1 + 69 = 0, -4*x + 43 = -5*g. Let a = -11 - g. Let m = -4 + a. Let n(h) = -h**2 - 4*h - 6. Determine n(m).
-6
Let n(s) = s**3 + 66*s**2 - 142*s - 409. Let o be n(-68). Let x(k) = -9*k**2 + k + 3. Give x(o).
-7
Let l(r) be the third derivative of 0 - 1/12*r**5 - 1/120*r**6 - 1/2*r**3 + 38*r**2 - 1/6*r**4 + 0*r. Let g(b) = 5*b + 1. Let f be g(-1). What is l(f)?
-3
Let l(r) = -14*r - 3 + 3 + 13*r + 2 + 3. What is l(0)?
5
Let y(g) be the third derivative of -g**5/60 + g**4/6 + 7003*g**2. Suppose -4*z = i - 2*z, 18 = 5*i + 4*z. What is y(i)?
-12
Let l = 40 + -34. Let g(h) = -h**3 - h**2 + 2*h - 13. Let d(y) = y**3 - y + 14. Let b(z) = l*g(z) + 5*d(z). Give b(-7).
-8
Let g = 88 + -61. Let o(s) = -19 + g + 3*s - 2*s. Let p be (-1 - 0/(-2)) + -5. Calculate o(p).
2
Suppose w - 4*g - 25 = 0, 4*w + g + g = 10. Let r(k) be the second derivative of 0*k**2 - 1/12*k**4 + 2/3*k**3 + 0 + 5*k. Calculate r(w).
-5
Let a(s) = -7*s**2 - 7*s + 10. Let o(c) = c**2 + c - 1. Let y = -33 - -34. Let x(p) = y*a(p) + 6*o(p). Calculate x(0).
4
Suppose 3*v + 7 = -2. Let u(z) = 1. Let t(h) = -2*h - 7. Let s(p) = t(p) + 6*u(p). Calculate s(v).
5
Suppose 0 = -0*i - 2*i + 14. Let m(j) = j**2 - 21 + 6 + 0 - 6*j + 5. Give m(i).
-3
Let u(o) = -52 - o + 111 - 51 - o. Calculate u(-4).
16
Let y(n) be the second derivative of n**8/6720 - n**7/360 - n**6/120 - 3*n**5/40 + 11*n**4/12 - 7*n. Let l(i) be the third derivative of y(i). What is l(8)?
7
Let j(h) be the third derivative of -h**6/30 - h**5/20 + h**4/4 + 7*h**3/6 - 907*h**2. Calculate j(-3).
70
Let t(a) = -4*a**2 + 15*a + 16. Let b(k) = 9*k**2 - 31*k - 44. Let q(s) = -3*b(s) - 7*t(s). Give q(9).
-7
Let g be 0 + (-4 - -2)*-10. Suppose -3*p = 2*p - g. Let s(b) = 2*b + 9*b**2 + 0*b - 7*b**2 - p*b. Calculate s(-2).
12
Let x(c) = c**3 + 13*c**2 - 9*c + 73. Let b be x(-14). Let q(p) = -p**3 + 3*p**2 - 2*p + 1. Calculate q(b).
-5
Let w(l) = 5*l. Suppose -2 = 4*x + 5*b, 1 = b + 3. Suppose -3 = x*n + 9. Let m(t) = 11*t + 1. Let p(a) = n*m(a) + 13*w(a). Give p(0).
-6
Let r(p) be the third derivative of p**4/12 - 31*p**3/6 + 8*p**2. Let y(h) = h - 15. Let w(d) = -4*r(d) + 9*y(d). Determine w(0).
-11
Let w(n) = -3*n**2 - n**2 - 7*n + 7*n**2 - 6 - 2*n**2. Let m be w(8). Let k(s) = 4*s**m - 1 - 2*s + s**3 - 4*s**2 - s**2. Calculate k(2).
-1
Let i(l) be the third derivative of l**4/12 - 5*l**3/6 + l**2. Let x(c) = 120*c - 7316. Let d be x(61). What is i(d)?
3
Let x(f) = -10*f - 1. Let q = 13 - 10. Let s(i) = i + 4*i**3 + 3*i**2 + 6 + 0 - 4 - q*i**3. Let t be s(-3). What is x(t)?
9
Let a(j) = j + 3. Let y(q) be the third derivative of -q**4/24 - 2*q**3/3 - 11*q**2. Let l be y(4). Calculate a(l).
-5
Let x(v) = 0*v**3 + 4*v**3 - 5*v**3 + 0*v**3 + v + 0*v**3 + 2*v**2. Calculate x(-1).
2
Let y = -482 + 1447/3. Let f(r) be the first derivative of 2*r + y*r**3 + 1 - r**2. Give f(2).
2
Let i(a) = -285*a**2 + 1 + 2*a - 13*a**3 + 283*a**2 - 2. Give i(1).
-14
Let l(g) = -g**2 - 11*g + 14. Let b(m) = 32*m - 8. Let t be b(4). Suppose 17*a = 7*a - t. Determine l(a).
2
Let f(h) be the third derivative of h**5/60 - h**4/4 + h**3 + 76*h**2. Determine f(4).
-2
Suppose 9 = -3*f - 0. Let c(r) be the second derivative of -r**5/120 + r**4/24 - 37*r**3/6 - r + 3. Let s(w) be the second derivative of c(w). Calculate s(f).
4
Let c be -2 + 1 - 5 - (-3 + -1). Let y(l) = -12*l + 2. What is y(c)?
26
Let s(p) = -2*p - 7. Suppose 4*u - 18 = -0*u + x, -u - 5*x + 15 = 0. What is s(u)?
-17
Let x(v) = -4*v - 3*v**2 + 618*v**3 - 1236*v**3 + 0*v**2 + 616*v**3 + 0*v**2. Calculate x(-3).
39
Suppose -5*q = -7 - 8. Let u be (-3 + (q - -6))*1. Suppose -2 - 16 = -u*g. Let l(t) = 2*t + 4. What is l(g)?
10
Suppose 2*g - 27 = 2*k + g, -4*k + 3*g - 59 = 0. Let r(f) = f**3 + 12*f**2 + 9*f - 1. Give r(k).
21
Let u(j) = 2*j - 29. Suppose -152*x = -145*x - 112. Calculate u(x).
3
Let y be 10/105 - (-1014)/(-63). Suppose 38 = -3*k + 4*r, -94 = 5*k + r - 0*r. Let f = y - k. Let g(z) = -3*z + 3. What is g(f)?
-3
Let j(g) = g**3 - 4*g**2 - 4*g - 2. Let n(t) = t**3 - 11*t**2 + 33*t - 14. Let a be n(6). Give j(a).
-18
Suppose s - 2*r = -4*r - 6, -3*s + r = 11. Let h(p) = -3*p + 1. Let a(y) = -y + 1. Let v be (-12)/16 + (-46)/(-8). Let c(u) = v*a(u) - 2*h(u). Determine c(s).
-1
Let n(r) = -6*r**2 + 11*r - 5. Let x(g) = 5*g**2 - 9*g + 4. Let f(i) = -4*n(i) - 5*x(i). What is f(1)?
0
Let d(k) = -2*k**3 + 4*k**2 + 4*k + 2. Let j = 261 - 263. Determine d(j).
26
Let h(o) = -2*o**2 - 4*o - 4. Let n(k) be the second derivative of k**2/2 + 9*k. Let s(u) = -h(u) - n(u). Determine s(-2).
3
Let q(i) = -50*i + 97*i + 1 - 48*i. Suppose -1 = -5*b + 19. Suppose m + b*m - 30 = -f, f = m - 6. What is q(m)?
-5
Let f(b) = b**2 + 5*b + 7. Let v(x) = 42*x - 258. Let o be v(6). Give f(o).
13
Let f(l) = l**2 - 3*l - 6. Let b = -24 - -23. Let d(y) = y**2 + y - 1. Let v(t) = b*f(t) + 2*d(t). Suppose 5*m = 3*q - 14 - 2, -2*q = m + 11. Give v(q).
-2
Let p(m) = 6*m - 6 + 7*m - 12*m. Calculate p(0).
-6
Suppose v + 3*v = 3*m + 23, 5*m + 33 = 4*v. Let a(x) = 1 - 6 + 6 - 4*x. Give a(v).
-7
Suppose -t + 75 = 73. Let r(z) = z - 1. Give r(t).
1
Let d be (15/9)/((-1)/3). Suppose 4*i - 5 = 3. Let o(f) = -i*f + 0 - f + 2 - f**3 - 6*f**2. Determine o(d).
-8
Suppose -h = 2*h - 9. Let v(o) = 18*o**3 + 3 - h*o**2 - 2*o + o**2 - 2*o**2 - 17*o**3. Give v(4).
-5
Let h(o) = o**3 - 4*o**2 - o + 3. Let k be 2/(-4)*(-21 + 15). Calculate h(k).
-9
Let p(x) = x - 6. Let m(r) = -19*r - 7. Let n(c) = 9*c + 4. Let t(d) = -6*m(d) - 13*n(d). Let l be t(-5). Suppose -13 - 7 = -l*s. What is p(s)?
-2
Let a be (2/(-4) + -4)*4/(-3). Let r(p) = -9*p - a*p + 6*p**2 + 6 + 22*p - p**3. What is r(7)?
6
Suppose -n = -d + 4*n - 3, 2*d + 4*n = 8. Suppose 4*g = g + 9. Suppose u + 5 = 5*c, 2*c - d = u - g*u. Let m(o) = 3*o**3 - o**2 + 2*o - 1. What is m(c)?
3
Suppose 2*t + 1 = b, 14 = 4*b + 4*t - 2. Let k(r) = 59*r + r**b - 2*r**3 - 3 + 2*r**2 - 56*r. What is k(2)?
3
Let t(s) = 6*s**2 + 3*s - 1. Let h(w) = w**3 + 7*w**2 + 4*w - 1. Let 